 4 = 4. Let b(s) = s - 2. What is b(z)?
2
Let v(g) = g + 10. Let o be (-3 + (-80)/(-24))*(25 + 2). Calculate v(o).
19
Let k(n) = -14*n**3 + 23*n**2 - 28*n - 6. Let d(r) = 5*r**3 - 8*r**2 + 10*r + 2. Let w(i) = -11*d(i) - 4*k(i). Calculate w(2).
-2
Let w(b) be the first derivative of -b**6/360 - b**5/12 + b**4/12 - 16*b**3/3 + 23. Let c(y) be the third derivative of w(y). Give c(-7).
23
Suppose 11*m = 2*m - 54. Let b(j) = j**3 + 8*j**2 + 14*j + 1. Give b(m).
-11
Let i(a) = a. Let b(r) = r**3 - 7*r**2 - r - 8. Let y be b(7). Suppose q + 62 = -4*q + 2*t, 0 = 5*t + 20. Let j = y - q. What is i(j)?
-1
Let x be 6/4*70/15. Let k(c) = -c**2 + 5*c - 9. Give k(x).
-23
Let y(i) = i - 1. Let w be -4*4/(-16) + 1. Suppose m - w + 3 = 0. Let b(c) = -c**3 - 1. Let u be b(m). Determine y(u).
-1
Let t(j) = -j**2 + 6*j - 8. Let p be (-2 - 54/4)*10. Let c = -149 - p. Determine t(c).
-8
Suppose 5*d - 45 = -0*d. Let f = 16 - d. Let v(l) = l**3 - 7*l**2 + l - 10. Let s be v(f). Let m(z) = z**2 + 1. Determine m(s).
10
Let j(i) = -25 + 62 + i - 28. Calculate j(-5).
4
Let p = 29 + -28. Let t be (-7)/(-1) - p - 0. Let g(c) = c**2 - 8*c. Calculate g(t).
-12
Let x(r) = r**3 - 2 + 3 + r - 3 + 1. Let j(d) = 5*d**3 + 3*d**2 + 9*d - 11. Let t(k) = -j(k) + 6*x(k). Calculate t(4).
9
Let r(y) = -12*y + 18. Let f(j) = 7*j - 10. Let m(h) = 9*f(h) + 5*r(h). Determine m(1).
3
Let w(o) = -230 - o**3 - 235 - o + 467. What is w(0)?
2
Let j(x) = 23*x**3 - x**2 - 9. Let r(c) = -12*c**3 + c**2 + 5. Let g(d) = 6*j(d) + 11*r(d). Let i(s) = -s**3 + s - 1. Let b(o) = g(o) + 5*i(o). Give b(-4).
-8
Let k be 0/(-4 + (-1)/(-1)). Let m(g) = -8*g**2 - 3*g + 6. Let l(n) = -19*n**2 - 7*n + 11. Let w(p) = -3*l(p) + 7*m(p). What is w(k)?
9
Let v(u) = 3 - 31 + 1 - 3*u + 8 + 10. What is v(5)?
-24
Let y(b) = -4*b - 6. Let f be y(-2). Let q(w) be the third derivative of -7*w**f + 0*w + 1/120*w**6 - w**3 + 0 + 1/12*w**5 - 1/3*w**4. Give q(-6).
6
Let f = -1 + 5. Let c(t) be the third derivative of -t**5/60 + t**4/12 - 19*t**3/6 + 32*t**2. Let s(o) be the first derivative of c(o). Give s(f).
-6
Let f(t) = -t**3 - 3*t**2 - 3*t - 1. Let a(v) = -v + v**3 + 15*v + 10*v + 15*v**2 - 29. Let w be a(-13). Give f(w).
8
Let g be ((-10)/3)/((-2)/3). Let k = -1 + 3. Let f(l) = -6 + 2 - k + l. Determine f(g).
-1
Let v(c) = 3*c - 1. Let u(g) be the first derivative of 2*g**3/3 - 4. Let t be u(1). Determine v(t).
5
Let v(b) = -b**2 - 6*b - 2. Let r be 60/(-18) - 4/6. Let j be 6/3 + r/(-2). Let i(m) = -3*m + 6. Let o be i(j). Calculate v(o).
-2
Let z be (-8)/24*(-9 + 0). Let h(a) = a**3 - 4*a**2 + a + 1. Calculate h(z).
-5
Suppose 0 = 26*b - 27*b. Suppose -2*p + 4*g = -20, -g - 2 + b = p. Let n(v) = 4*v. What is n(p)?
8
Let j be (-12)/21*(4 - 30/4). Let o(r) = -9 - 5*r - r**j + 15*r + 5*r**2 + 2*r**2 - r**3. Calculate o(7).
12
Let m(v) = 7*v**3 - 3*v**2 + 9*v - 1. Let x = -7 + 10. Suppose i = -x*i - 8. Let o(r) = -3*r**3 + 2*r**2 - 4*r. Let k(j) = i*m(j) - 5*o(j). Give k(3).
-1
Let s(l) = -3*l**3 - 7*l**2 + 10*l + 9. Let r(b) = -4*b**3 - 5*b**2 + 8*b + 10. Let t(y) = -2*r(y) + 3*s(y). Determine t(-12).
-17
Suppose 3*u = 4*w + 329, 4*w - 6*w - 4*u - 148 = 0. Let c = -86 - w. Let f(b) = b**2 + 8*b + 6. Determine f(c).
-6
Let s be 21 - 14 - (3 - -2). Let i(x) be the first derivative of 0*x - 1/2*x**2 + 4 + 1/4*x**4 - 4/3*x**3. What is i(s)?
-10
Suppose k + 3 = -5. Let x(u) = -3*u - 19. Let h be x(k). Let n(f) = -7 + 0*f + h - f. Determine n(-3).
1
Suppose -4*c = -2*y + 16, -5*c = -3*y + 24 - 5. Let i(s) = -4*s + s + 160956 - 160956. What is i(c)?
15
Let d(q) = 9*q**3 - 13*q**2 + 7*q + 18. Let x(i) = -5*i**3 + 7*i**2 - 3*i - 9. Let m(n) = -6*d(n) - 11*x(n). Give m(-4).
-21
Let h(s) = -s**2. Suppose -8*c = -22 - 2. Calculate h(c).
-9
Let a = 147 - 134. Let r(n) = -3*n**2 + a + 10*n**2 - 5 - 6*n**2 - 8*n. Give r(7).
1
Let h(w) be the second derivative of -w**4/12 - w**3/2 - 2*w**2 + 494*w. What is h(-6)?
-22
Suppose -5*y + 4 = -6. Let s be (-92)/(-12) + y/(-3). Let x be (s/(-14))/(2/8). Let g(p) = -2*p**2 + 2. What is g(x)?
-6
Suppose -5*b = -2*b + 4*i - 19, 2*b + i = 6. Let x(y) be the second derivative of -7*y**5/20 + y**4/6 - y**3/6 - 7*y. What is x(b)?
-6
Let x(u) be the first derivative of -2*u**2 + 4*u - 179. Let h = 14 + -9. Determine x(h).
-16
Suppose 3*w + 0*w = 6. Let j be w/8 - 37/4. Let p be 22/4 + j/18. Let z(s) = -s**3 + 5*s**2 + 2*s. Calculate z(p).
10
Let n(p) = 7 + 4*p**2 - 8 - 11*p**2 + 6*p**2 + 3. Let c = 2 + -3. Let b be 3*1*(c - -2). Give n(b).
-7
Let w(u) = 4*u - 2*u**2 + 8*u - 2*u**2 - 2 - 15*u + u. What is w(-2)?
-14
Let z(j) = -j - 3. Let s(t) be the first derivative of t**4/4 + 3*t**3 - t**2/2 - 14*t + 5. Let h be s(-9). Give z(h).
2
Let t = 0 + 0. Let z(d) = 2*d + 10. Let v(u) = u + 5. Let n(m) = -11*v(m) + 6*z(m). Let k be n(t). Let x(h) = -h**2 + 4*h + 1. Give x(k).
-4
Let w(o) = o**3 - o**2 - 5*o + 2. Let r be w(3). Let h(a) = -29*a + r + 64*a - 33*a. Give h(-5).
-5
Let h(y) = -2 + 28*y + 0 - 25*y. Let b be (-1 + 3)*(-4)/(-4). What is h(b)?
4
Suppose 3*w + 10 = -2*w. Let t(v) = 2*v + 2. Let c(u) = 10*u + 11. Suppose 3*r - 71 = 3*s - 2*s, 4*r = 4*s + 108. Let i(h) = r*t(h) - 4*c(h). What is i(w)?
-8
Let u(b) = b - 2. Suppose -14 = -3*k - 9*d + 4*d, 2*k - 9 = -3*d. Suppose 8 = -k*h - h. Calculate u(h).
-4
Let t(a) = 2*a + 5. Let u(w) = 2*w**2 + 6*w - 12. Let d be u(-7). Let o = 40 - d. What is t(o)?
-3
Let k be (-480)/100*5/(-2). Let g(c) = -4*c + 17. Calculate g(k).
-31
Let a be 50/(-35) + -2 + 10/7. Let j(o) = -2*o**3 - 3*o**2 - 2*o - 4. Determine j(a).
4
Let n(v) = -v**3 + 6*v**2 - 6*v + 29. Let j = -696 - -702. Calculate n(j).
-7
Let f = 307 - 294. Let r(v) = 3*v - 45. Calculate r(f).
-6
Let m(g) = -9*g - 7. Let k be m(-1). Let z(x) = -5*x**k - x - 6 + 8*x**2 - 2*x**2 + 7*x. Determine z(-6).
-6
Suppose -d - 6 - 12 = 6*o, 43 = -4*d + 5*o. Let a(c) = -c**2 - 11*c - 5. Give a(d).
-17
Let k(t) = 12*t - 246 - t**2 + 0*t**2 + 237. What is k(10)?
11
Let k(j) = -j**2 + 2*j**2 - 7 + 93*j - 93*j. Determine k(-3).
2
Let c = 15 + -10. Suppose 4*m - 4 = 0, 3*m - c = 3*v - 2*m. Let g(x) = x + 7. Calculate g(v).
7
Let i(s) = s**2 + 3*s**2 - 5*s**2. Let l = 8605 + -8606. What is i(l)?
-1
Let z(k) = k - 6. Suppose -29*u + 34*u = 0. Suppose 7*j - 13*j + 9*j = u. Calculate z(j).
-6
Let s(y) = 3*y**2 - 4*y - 2. Let h = -1894 - -1891. Determine s(h).
37
Let m(c) = -c**3 + 9*c**2 + c + 1. Suppose 216 = 60*o - 36*o. Determine m(o).
10
Let r(p) = -6*p - 37. Let b be r(-9). Let g(d) = d + 14 - b - 2*d. Suppose -3*s = -0*s + 9. What is g(s)?
0
Let t(i) = 3615 - 3602 + 3*i**2 - 2*i**2 - 2*i. What is t(0)?
13
Suppose -15 = 5*q + 5. Let h(s) = -s**3 - 3*s**2 + 2*s - 3. Determine h(q).
5
Let f(r) = -r - 4. Let z be f(3). Let d(j) = -2*j + 4. Give d(z).
18
Let y(f) = 4*f + 56. Let c be y(-13). Let r(s) = -9*s + 5. Let z = -8 + 19. Let k(p) = -17*p + 10. Let g(m) = z*r(m) - 6*k(m). Calculate g(c).
7
Let u(p) be the second derivative of p**6/360 - p**5/120 + 2*p**4/3 + 14*p. Let v(y) be the third derivative of u(y). Determine v(3).
5
Suppose -z = 3*o - 12, z - 8 = 2*o - 6. Let n(k) = k - 1. What is n(z)?
5
Let y(z) = 7*z + 38. Let f be y(-5). Let n(s) = -5*s - 6 - 2*s**f - 5*s**2 + s**3 + 0*s**3 - 1. Give n(-5).
18
Let c = 17 - 9. Suppose 4*o + 0 = 4*i + c, 0 = -5*i - 5*o - 50. Let w = i - -5. Let f(n) = -11*n**2 - 1. Give f(w).
-12
Let d(m) be the third derivative of m**7/2520 - 7*m**6/720 - m**5/120 + m**4/6 - 10*m**2. Let k(h) be the second derivative of d(h). Give k(3).
-13
Let u = -29 - -24. Let c(b) be the second derivative of 7/2*b**2 + b + 0 + 1/2*b**3. Determine c(u).
-8
Let d(c) be the third derivative of 7*c**5/60 + 5*c**4/6 - c**3 + 4*c**2 + 6*c. Give d(-3).
-3
Let a(h) = -h + 7. Suppose 9*r - r + 48 = 0. Give a(r).
13
Let o be 14*4/((-24)/(-9)). Let b(g) = 2 - 18*g + o*g - 4. Determine b(3).
7
Let d(y) = y**3 - 8*y**2 - 11*y. Let a(n) = -n**3 + 9*n**2 + 11*n + 4. Let m(i) = 2*a(i) + 3*d(i). Determine m(7).
-20
Let p(l) = l**3 + 6*l**2 + 3*l - 4. Let w be (2*(-4)/(-10))/((-28)/770). Let n = 17 + w. Calculate p(n).
6
Let n(g) be the first derivative of -g**3/3 - 7*g**2/2 + 2*g + 1. Let f(l) = -7 - l**2 + 6*l**2 - 6*l**2 + 0*l**2. Let d be f(0). What is n(d)?
2
Let a(i) = 5*i + 5. Let o(f) = 6*f + 16 - 2 - 1 - 7. Let